 p(r) = -14*r**3 - 4*r**2 - 4*r + 4. Let w be p(-4). Let y be ((-4)/3)/(8/w). Let h = y - -321. Is h a prime number?
True
Let y be ((-1)/3 + 0)*-1113. Suppose 4*r - 748 = 4*o, -2*o - y = -2*r - o. Suppose 0 = -2*m - 2*m + r. Is m a composite number?
True
Suppose -17*m - 5*g + 42490 = -12*m, 2*m - 17011 = 3*g. Is m prime?
True
Suppose 0 = -13*s + 509892 + 166589. Is s prime?
False
Suppose 4*o = -2532 - 192. Let d be ((-8)/6)/(2/o). Suppose -4*j + d + 582 = 0. Is j a prime number?
False
Suppose 10*v - 9906 = 4*v. Is v a composite number?
True
Suppose -3*f + 2*f + 50009 = 3*c, -c - 100046 = -2*f. Is f a prime number?
True
Let m = -26 - -31. Suppose 5*o + m*c - 3*c = 2200, -4*c = 5*o - 2210. Suppose -3*h + 0*h + 3*i = -o, 3*i = 9. Is h composite?
False
Suppose 2*h - 5284 = -4*z, 2*h = -0*h - 8. Let o = z - 446. Is o a prime number?
True
Suppose 0 = 4*v + 235 - 17491. Let p = v + -2657. Is p composite?
False
Suppose p - 15 = -4*p. Suppose -4*s - 3*k + 15 = 0, p = -5*s + 2*k + 16. Is 422/(-10)*(s + -8) composite?
False
Let w(n) = 24*n**2 + 6*n - 13. Suppose 3*r - 25 = -2*d - 1, -4*r - 2 = -3*d. Is w(d) composite?
False
Is 86/(1410/(-177) + 8) prime?
False
Let g(n) = 3*n**2 + 3*n + 3. Let k be g(-4). Suppose 0 = -3*d + 12 - k. Is (-623)/d - 10/45 prime?
False
Let u(c) be the first derivative of 1 - c**4 - 1/2*c**2 + 4*c + 0*c**3. Is u(-3) a prime number?
False
Let x(v) = 25*v - 5. Let d be x(5). Suppose -b - d = 3*b. Is 2/(-10) + (-636)/b a composite number?
True
Let v = 20 - 17. Let g be v - (-1 - -2)*-2. Suppose g*a - 3*n - 373 = 0, 5*a - 266 = -3*n + 101. Is a composite?
True
Let c be (-8)/28 - 4/(-14). Suppose -3*h + 419 + 388 = c. Is h prime?
True
Suppose 1 = 2*y - 47. Let m be (380 - -1)*40/y. Suppose 0 = -6*v + v + m. Is v composite?
False
Let c = 50 - 50. Suppose -h + 5 = c, 2*l + h - 5*h = 1322. Is l composite?
True
Let w = 317 - 5. Suppose 4*j + w = -0*j. Let k = j - -587. Is k composite?
False
Let b = 930 - 248. Suppose 2*w + b = 4*w. Is w a composite number?
True
Let u be 558/30 + 3/(-5). Let g = u + -15. Suppose -g = 3*p - 4*p. Is p composite?
False
Is (2 - 3) + (-5301)/(-1) - 6 a composite number?
True
Suppose 0 = 2*k - 2*g - 11278, -10*k = -11*k - 4*g + 5639. Is k composite?
False
Let t be -227*2*2/4. Let i = 406 + t. Is i a prime number?
True
Suppose 42*w - 34*w = 10344. Is w a prime number?
False
Suppose 0 = 15*r - 3*r - 212676. Is r prime?
False
Is 1 + 9338 - (35 - 33) a composite number?
False
Let r = -1501 - -905. Let g = -347 - r. Is g a composite number?
True
Suppose -k + 3*k = -4*z + 56, k + 56 = 5*z. Is (8/z)/(2/483) a composite number?
True
Let w be 109/2*(2 - 116). Let y be (-4)/(2/(-48)*(-9)/3). Is y/(-176) - w/11 a prime number?
False
Is (-19)/((-209)/(-1489719))*2/(-6) a prime number?
False
Let c(z) = -2113*z - 196. Is c(-5) prime?
True
Let v(i) = 9*i - 13. Let p(k) = -17*k + 27. Let b(u) = -3*p(u) - 7*v(u). Let n be b(-8). Suppose -w - w = -n. Is w a prime number?
True
Suppose 0 = -6*i - 14356 + 150034. Is i a prime number?
True
Let m = 32995 - 19902. Is m a composite number?
False
Let x be (-3 - (-2 + -1))/((-4)/2). Suppose x = -5*q + 311 + 1394. Is q a prime number?
False
Let l(d) = 3*d**2 - 16*d - 111. Is l(20) a prime number?
True
Suppose 0 = 7*a - 39395 - 102068. Is a composite?
True
Let p(f) = -2*f**2 + f. Let s(h) = 8*h**2 - 39*h - 21. Let m(x) = p(x) + s(x). Is m(20) a prime number?
True
Suppose 0 = 3*a + 1 - 7, -4*a - 3557 = -5*j. Let m = 3166 - j. Is m a composite number?
True
Let z(y) = -y**3 - 13*y**2 - 37*y - 114. Is z(-27) composite?
True
Let k be 389 - ((-1)/(-7) - 264/84). Let w = k + 149. Is w a prime number?
True
Suppose 3 = c - 1. Suppose -5*k - 3*s = 85, -c*s = -5*k + 14 - 99. Let b = -4 - k. Is b a composite number?
False
Let a(c) = -17*c**2 + 173 + 6*c - c**3 + 176 - 312. Is a(-20) a prime number?
True
Let f = -812 + 814. Suppose -3*a = a - 8. Suppose 0 = a*n + n + f*b - 1517, n - 519 = -4*b. Is n prime?
True
Let c(w) be the third derivative of 0*w + 12*w**2 - 7/12*w**4 + 0 - 1/2*w**3. Is c(-3) composite?
True
Let k(r) be the third derivative of r**6/120 + r**5/12 + 5*r**4/24 + 3*r**2. Let v be k(-4). Let c(y) = -36*y - 10. Is c(v) a composite number?
True
Suppose 0 = 8*z - 13*z + 20. Suppose 0 = z*m - 3*l - 337, -4*m - 2*l + 95 = -247. Let k = 164 + m. Is k a prime number?
False
Suppose 0*g - 4*g - 28 = 0. Let w(o) = -2*o - 1. Let r be w(g). Suppose 2*s + 5*h - 490 + r = 0, 0 = -2*h - 10. Is s a composite number?
False
Let k(y) = 24400*y**3 - 3*y**2 + 5*y - 5. Is k(2) composite?
False
Suppose 4*l = 6*l - 1092. Let r = 1225 - l. Is r prime?
False
Let n(v) = 17*v**2 - 75*v + 353. Is n(47) a composite number?
False
Suppose -3*x - 1578 = -4*p + 2870, p - 4*x - 1125 = 0. Is p a composite number?
False
Suppose 0 = 2*g - 5*g. Is (-7548)/24*(-2 + g) a prime number?
False
Let q = 7845 - -14246. Is q a composite number?
False
Suppose 1 = 5*u - 9. Suppose z + u*j = -184, 5*z + 914 = 2*j - 6*j. Let x = 273 + z. Is x a composite number?
True
Is -1*(2832*-2 - 5) a prime number?
True
Suppose 4*v + 132 - 2296 = 0. Is v composite?
False
Let i be 3 + (-7 - -3) + 936. Let m = -442 + i. Is m composite?
True
Let p be (3/(-2))/((-3)/10). Suppose 0 = -6*k + p*k + 217. Let h = -78 + k. Is h prime?
True
Suppose -2*p = -5*p - 3*p. Suppose p = -g + 14 + 143. Is g composite?
False
Suppose -5*b + 159653 = -4*z + 8*z, z + 31936 = b. Is b composite?
True
Suppose 25*z = 23*z + 960. Suppose 2*t + 2 = z. Is t composite?
False
Let q(y) = -18*y - 8. Let t be q(6). Let g = 426 + t. Suppose -g = -5*a + 325. Is a prime?
True
Suppose 7443*i - 7448*i = -224545. Is i composite?
False
Suppose 34*r = 48269 - 4579. Is r composite?
True
Let u = -40 + 45. Suppose -4*c = -u*s + 5253, 0 = -2*s - 5*c + 348 + 1740. Is s a prime number?
True
Suppose 0 = -10*u + 11136 + 7324. Let l = u + -620. Is l a prime number?
False
Let n(d) be the second derivative of d**4/12 - d**3/6 - 13*d**2/2 - 6*d. Suppose -2*j - 2*y = 3*y, 0 = -5*y + 20. Is n(j) a composite number?
False
Is 4/(24/10902) + 6/1 composite?
False
Let n be ((-145)/(-4))/(3/72*3). Let r = n + 123. Is r a composite number?
True
Let f(y) = 2392*y**2 - 29*y + 38. Is f(9) prime?
False
Let m be (-716)/(3 - (-4)/(-1)). Let p = 1055 - 545. Let o = m - p. Is o a prime number?
False
Let o(z) = 2*z - 12. Let r be o(7). Suppose 90 = r*d + 16. Is d composite?
False
Let q be (-34)/170 + (-1)/(10/658). Let a = q - -113. Is a composite?
False
Let w(m) = -12*m**3 - m**2 + 3*m + 2. Let k be w(-4). Suppose 4*g = 5*g - k. Suppose 2*v + 3*h = g, 4*h - 1255 = -3*v - 144. Is v prime?
False
Suppose -18516 = -12*p - 0*p. Is p a composite number?
False
Let w be ((-18)/8)/(3*4/(-32)). Is w/12 - (-9818)/4 prime?
False
Let q be (-3 - (-1 - -2)) + -34931. Is 4/(-26) - (q/(-39))/(-5) a composite number?
False
Suppose 2 + 1 = u. Let p(i) = -4*i + 8*i**2 + i**2 + 3*i - u. Is p(8) composite?
True
Let q(d) = -d**3 + 2*d**2 + d. Let o be q(2). Let i be (-10)/(-3 + 0 + o). Suppose i*r - 7*r = 111. Is r composite?
False
Suppose -2*b - 2*b - 3*t = -104, t - 78 = -3*b. Let f = -21 + b. Suppose -5*n = -4*k + 147 + 90, 3*k - 134 = -f*n. Is k a prime number?
True
Let p(a) = 3 + 3*a - 4 + 2. Let n be p(1). Suppose -n*q + 0*q + 172 = 0. Is q prime?
True
Let z = 21936 - 12823. Is z a composite number?
True
Let m(h) = -h**2 - 2*h + 444. Let t be m(0). Let c = t + -35. Is c prime?
True
Let j be (2 + 1 - -1) + 899. Suppose 2*c = -c + 4*w + j, 2*w = 0. Is c a composite number?
True
Suppose 51*u - 69*u + 84654 = 0. Is u composite?
False
Suppose -3*m - 22754 = -21*x + 19*x, -m - 45508 = -4*x. Is x composite?
True
Let g be 127 + 2 - 4/(-1). Suppose 3*o = -4*j + 4923, 2*j - 3147 = -2*o + g. Is o prime?
True
Let t(c) = -3414*c**3 - 5*c**2 - 7*c + 3. Is t(-2) composite?
True
Let s(g) = -4*g**3 - g**2 + 11*g + 2. Let q(n) = -22*n - 12*n**3 + 0*n**2 + 2*n**2 + 21*n**3 + n**2 - 4. Let h(j) = -3*q(j) - 7*s(j). Is h(7) a prime number?
False
Suppose 38 - 3 = 7*d. Suppose 0 = -f - 0*f + d*p + 1259, 3*f - 3777 = p. Is f a composite number?
False
Let l(w) = 21*w - w**3 - 5 - 8 + 20*w**2 - 6. Is l(14) prime?
True
Let p be 9/15 - 7154/(-35). Is (-3 + 4/1)*p a prime number?
False
Let b = -39 - -44. Suppose 909 = 3*j - b*a - 1516, -2*a = -4*j + 3252. Is j p